{"id":84,"date":"2026-03-04T17:28:09","date_gmt":"2026-03-04T17:28:09","guid":{"rendered":"https:\/\/terretatech.org\/asociacion\/?page_id=84"},"modified":"2026-03-20T16:20:28","modified_gmt":"2026-03-20T16:20:28","slug":"estatutos","status":"publish","type":"page","link":"https:\/\/terretatech.org\/asociacion\/estatutos\/","title":{"rendered":"Estatutos"},"content":{"rendered":"\n<style>\n.bloque-animado {\n    background: #ffffff;\n    padding: 40px;\n    border-radius: 18px;\n    max-width: 900px;\n    margin: 40px auto;\n    box-shadow: 0 8px 20px rgba(0,0,0,0.08);\n    opacity: 0;\n    animation: aparecer 1.2s ease forwards;\n}\n\n\/* Animaci\u00f3n *\/\n@keyframes aparecer {\n    from {\n        opacity: 0;\n        transform: translateY(25px);\n    }\n    to {\n        opacity: 1;\n        transform: translateY(0);\n    }\n}\n\n.bloque-animado h1 {\n    font-size: 32px;\n    margin-bottom: 20px;\n    text-align: left; \/* \u2190 AQU\u00cd *\/\n}\n\n.bloque-animado p {\n    font-size: 18px;\n    line-height: 1.6;\n    text-align: left; \/* \u2190 Y AQU\u00cd *\/\n}\n<\/style>\n\n<div class=\"bloque-animado\">\n    <h1>Estatutos<\/h1>\n    <p>\n        Terreta Tech fue constituida el 17 de Marzo en la ciudad de Valencia, a trav\u00e9s de una Asamblea Fundacional donde se validaron sus fines y estatutos.\n\nEntregados estos documentos en el registro pertinente, fue enviada al registro del ministro de interior asociaciones con fecha del 19 de octubre.\n\nA continuaci\u00f3n ponemos a disposici\u00f3n p\u00fablica los documentos mencionados.\n    <\/p>\n<\/div>\n\n\n\n<div class=\"wp-block-group is-nowrap is-layout-flex wp-container-core-group-is-layout-6c531013 wp-block-group-is-layout-flex\"><a href=\"https:\/\/terretatech.org\/asociacion\/wp-content\/uploads\/2026\/03\/ESTATUTOS-ASOCIACION-2.pdf\" class=\"pdfemb-viewer\" style=\"width:600px;height:900px;\" data-width=\"600\" data-height=\"900\" data-toolbar=\"bottom\" data-toolbar-fixed=\"off\">ESTATUTOS-ASOCIACION-2<\/a>\n\n<a href=\"https:\/\/terretatech.org\/asociacion\/wp-content\/uploads\/2026\/03\/WYGNozUCOv.pdf\" class=\"pdfemb-viewer\" style=\"width:600px;height:900px;\" data-width=\"600\" data-height=\"900\" data-toolbar=\"bottom\" data-toolbar-fixed=\"off\">WYGNozUCOv<\/a><\/div>\n\n\n\n<div style=\"height:100px\" aria-hidden=\"true\" class=\"wp-block-spacer\"><\/div>\n\n\n\n<div class=\"footer-contacto\">\n    <h2>Contacto<\/h2>\n    <p>Si quieres ponerte en contacto con nosotros, estaremos encantados de ayudarte. <br>\ninfo@terretatech.org | +34 642 68 88 82 | Puerto Sagunto-Valencia \n\n    <\/p>\n\n   \n<\/div>\n\n\n\n<p><\/p>\n","protected":false},"excerpt":{"rendered":"<p>Estatutos Terreta Tech fue constituida el 17 de Marzo en la ciudad de Valencia, a trav\u00e9s de una Asamblea Fundacional donde se validaron sus fines y estatutos. Entregados estos documentos en el registro pertinente, fue enviada al registro del ministro de interior asociaciones con fecha del 19 de octubre. A continuaci\u00f3n ponemos a disposici\u00f3n p\u00fablica [&hellip;]<\/p>\n","protected":false},"author":2,"featured_media":0,"parent":0,"menu_order":0,"comment_status":"closed","ping_status":"closed","template":"","meta":{"footnotes":""},"class_list":["post-84","page","type-page","status-publish","hentry"],"blocksy_meta":[],"_hostinger_reach_plugin_has_subscription_block":false,"_hostinger_reach_plugin_is_elementor":false,"_links":{"self":[{"href":"https:\/\/terretatech.org\/asociacion\/wp-json\/wp\/v2\/pages\/84","targetHints":{"allow":["GET"]}}],"collection":[{"href":"https:\/\/terretatech.org\/asociacion\/wp-json\/wp\/v2\/pages"}],"about":[{"href":"https:\/\/terretatech.org\/asociacion\/wp-json\/wp\/v2\/types\/page"}],"author":[{"embeddable":true,"href":"https:\/\/terretatech.org\/asociacion\/wp-json\/wp\/v2\/users\/2"}],"replies":[{"embeddable":true,"href":"https:\/\/terretatech.org\/asociacion\/wp-json\/wp\/v2\/comments?post=84"}],"version-history":[{"count":16,"href":"https:\/\/terretatech.org\/asociacion\/wp-json\/wp\/v2\/pages\/84\/revisions"}],"predecessor-version":[{"id":352,"href":"https:\/\/terretatech.org\/asociacion\/wp-json\/wp\/v2\/pages\/84\/revisions\/352"}],"wp:attachment":[{"href":"https:\/\/terretatech.org\/asociacion\/wp-json\/wp\/v2\/media?parent=84"}],"curies":[{"name":"wp","href":"https:\/\/api.w.org\/{rel}","templated":true}]}}